, -3*q - 4*w = -98 - 28. What is the highest common factor of 6 and q?
6
Suppose 2*n + 1 = 9. Let p(b) = -b + 7 - 79*b**2 + n*b**3 + 80*b**2 - 3*b**3. Let o be p(0). Calculate the greatest common divisor of o and 63.
7
Let z = 70 + -45. Let w = -11 + z. What is the greatest common divisor of 126 and w?
14
Let m be -2*(-2)/(-1) - 33. Let o = -88 - m. Let d = 24 - o. Calculate the greatest common factor of d and 30.
15
Let h be 2/((30/(-25))/3). Let q be (-4)/h*5/(-2). Let t be q - 1*-10 - 4. Calculate the highest common divisor of 4 and t.
4
Let r = -29 + 14. Let f be (57/(-4))/(r/40). Let u = -125 - -220. What is the greatest common factor of u and f?
19
Let u = 403 + -368. Calculate the greatest common divisor of 35 and u.
35
Suppose 3*h - 3*h = h. Suppose 0 = -h*o - 4*o + 32. Let q be -16*(-1)/((-2)/(-7)). What is the greatest common factor of q and o?
8
Let f = -2 - -7. Let r(s) = -s + 11. Let w be r(f). Suppose n + 250 = w*n. Calculate the greatest common divisor of n and 10.
10
Suppose -5*f + 15 = 0, -c - f = 4*f - 327. Let i = -8532 + 8556. Calculate the highest common divisor of c and i.
24
Let d be ((-88)/2)/(-1 + 6/12). Calculate the greatest common factor of d and 152.
8
Let c(z) = z**3 - 6*z**2 + 8*z + 7. Let w be c(5). Suppose -w - 8 = -2*o. Calculate the highest common divisor of o and 15.
15
Let c = 167 - 163. What is the greatest common divisor of c and 32?
4
Let d be 9/(36/(-16)) - -6. Suppose 4 = -0*s + s. What is the highest common factor of s and d?
2
Suppose -22*v = -33*v + 275. What is the greatest common factor of 575 and v?
25
Let u be (2 - -112)/(-3 - 63/(-14)). Let j = 27 + -8. Calculate the highest common factor of u and j.
19
Let b = 32 - -7. Calculate the greatest common factor of b and 169.
13
Suppose 30 + 5 = -5*z. Let v = -3 - z. Suppose 5*n - 11 = -h, -n = -h - v*h + 3. What is the highest common divisor of n and 10?
2
Suppose 117 = 3*h - 0*h. Let z(a) = 3*a + 15. Let p be z(-6). Let o be ((-28)/4 - p)/((-2)/13). Calculate the highest common factor of h and o.
13
Suppose 3*g + 6 = -3*u, u = 5*g + 1 + 3. Let h be (-1)/(u/84)*-1. Let w = h - -124. Calculate the highest common factor of 16 and w.
8
Let q(o) = -o**2 - 12*o - 45. Let p be q(-9). Let z = -8 - p. Calculate the greatest common factor of 50 and z.
10
Let i be (7/(-7) + -113)*3/(-2). What is the highest common divisor of i and 18?
9
Let p(d) = -d**3 + 4*d**2 + 4. Let s be p(3). Suppose 5*n - 12 - s = 0. Suppose -t - 112 = -n*t. What is the greatest common divisor of t and 42?
14
Suppose b + 1 = -2. Let y be b - (1*-21 - 1). Let f = 23 + y. Calculate the greatest common factor of 14 and f.
14
Let k(o) = o**3 - 7*o**2 + 7*o - 4. Let m = 11 - 5. Let y be k(m). Let t be (156 - 0)/2 + y. Calculate the highest common divisor of t and 8.
8
Suppose v = p - 13, -4*v - 2*p = 3*p + 43. Let c = 28 - v. Calculate the greatest common divisor of 40 and c.
40
Suppose 8*b - 13*b + 385 = 0. Let g be (-3)/(-6)*2 + 1. Suppose -g*d = -6, -3*d = 3*r - 65 + 23. Calculate the greatest common divisor of b and r.
11
Let k(i) = i**3 + 3*i**2 + i - 5. Let n be k(-3). Let d(x) = x**3 + 7*x**2 - 7*x + 12. Let w be d(n). What is the highest common factor of w and 4?
4
Let w be (-660)/25*75*(-4)/8. Calculate the highest common factor of w and 30.
30
Let d(a) = a**3 + 16*a**2 + 3*a - 22. Let w be d(-16). Let o = w + 79. Calculate the greatest common divisor of 6 and o.
3
Let a(h) = 20*h - 12. Let x be a(3). Suppose -x - 12 = -5*y. Suppose 215 - 611 = -3*v. What is the greatest common factor of v and y?
12
Let b = 140 - 21. What is the greatest common divisor of 14 and b?
7
Suppose -23 + 514 = 5*s - 4*a, 4*s - 394 = 2*a. Let i be 1 - (-11*1 - -1). What is the greatest common factor of s and i?
11
Let o(q) = q**3 + 5*q**2 - 7*q - 1. Let f be o(-6). Suppose -15 = -f*j + 5*h, -3*j - 12 = h - 41. Calculate the highest common factor of 64 and j.
8
Let i = 29 - 21. Suppose i*f - 47 - 273 = 0. Calculate the highest common factor of 5 and f.
5
Let t(j) = 4*j + 86. Let z be t(-30). Suppose 0*p - 320 = -4*p. Let k = p + z. What is the highest common factor of k and 115?
23
Suppose -5*c + 9 = q - c, 3*q - 107 = 4*c. Suppose 0 = 4*m - 3*o - 803, -162 = -2*m - o + 247. What is the highest common factor of q and m?
29
Suppose 2*t + t + 4*r - 54 = 0, 2*t - 13 = 5*r. Let w(z) = -2 + 2*z - 7*z - 4. Let l be w(-4). Calculate the greatest common factor of l and t.
14
Suppose 4*w = 2*w - 14. Let n be 4*(-2 - -1)*(-2)/1. Let f be (-86)/w - n/28. What is the highest common divisor of f and 108?
12
Suppose 136 = 2*j + 2*r, r + 348 = 5*j + 2*r. Suppose 2*t = 4*t - j. Let b = -237 + 242. What is the greatest common factor of b and t?
5
Suppose 0 = 42*g - 41*g - 42. Calculate the greatest common factor of 189 and g.
21
Let w = 3354 - 3297. Calculate the highest common divisor of w and 551.
19
Let s = -175 - -576. Suppose -667 = -5*a + 4*n, 4*a - a - s = 2*n. Let o = 21 + -6. What is the highest common divisor of o and a?
15
Let l be (-4)/6 - (-392)/(-6). Let b = 93 + l. Let t be (b - 0) + 1 - 3. What is the highest common divisor of t and 5?
5
Let d = 24 - 24. Suppose -5*o - 80 = -3*k, d = -2*o + 4*o - 4. What is the highest common divisor of k and 75?
15
Let i(z) = -35*z - 925. Let o be i(-29). What is the highest common factor of 81 and o?
9
Let a(f) be the third derivative of -f**6/120 - f**5/60 + 13*f**4/24 - 8*f**3/3 - 14*f**2. Let j be a(-7). Calculate the greatest common factor of 17 and j.
17
Let o = -3 + 8. Suppose 5*d = 3*j - 8 - 46, 0 = j + o*d - 18. Calculate the highest common divisor of 36 and j.
18
Suppose -25 = -3*k - r, -2*k = 2*k + 2*r - 30. Let o be -1 + -1 + -2 + k. Suppose -m + o*m - 25 = 0. Calculate the greatest common divisor of 55 and m.
5
Suppose 2*v - v = 3*r + 5, -2*v + 2*r + 6 = 0. Let h be ((-4)/v - -4) + 3. Calculate the greatest common divisor of h and 1.
1
Let y = -649 - -957. Let m(x) = -8*x + 28. Let j be m(-2). Calculate the greatest common divisor of j and y.
44
Suppose 3*r - 17 = y, -2*y = -3*r - r + 28. Let d(w) = w**2 + 5*w - 5. Let s be d(y). What is the greatest common factor of s and 38?
19
Let p = -13 + 20. Let r = p - -8. What is the greatest common divisor of r and 165?
15
Let h = 1712 + -1700. Suppose 2*d + 76 = 4*f, 0*d + 5*d = -f + 8. Calculate the greatest common factor of h and f.
6
Let n(x) = -2*x**3 - 73*x**2 + 35*x - 68. Let m be n(-37). Let l be (-2)/6 + (-254)/(-6). Calculate the highest common factor of l and m.
6
Let g be (-4)/14 + 3364/14. Suppose -159 = -13*z + 231. Calculate the highest common factor of z and g.
30
Suppose q + 6*b - 172 = 0, -8*b = -4*q - 9*b + 642. Calculate the highest common factor of q and 128.
32
Let h = 3 + 1. Let w = 6 - 4. Let o be w + -6*1 - -8. Calculate the highest common divisor of o and h.
4
Let g be (-4 + (-24)/4)*42/(-28). Calculate the highest common factor of g and 105.
15
Let m(i) = -75*i - 605. Let q be m(-10). Suppose -2*p = -4*l + 2*l - 50, -4*p - 5*l + 136 = 0. Calculate the greatest common divisor of p and q.
29
Let z(h) = 0*h - h - 3*h - 3*h. Let b(c) = -c**3 - 7*c**2 + 9*c + 7. Let j be b(-8). Let i be z(j). What is the greatest common factor of 28 and i?
7
Let l = 24 - -3. Calculate the highest common divisor of l and 216.
27
Let u be 820/(-8)*(-2 - 0). What is the highest common factor of 5 and u?
5
Let k be (5 - (-5 + 12)) + 36. Let i = -16 + k. What is the greatest common divisor of i and 18?
18
Let l = -112 + 124. Suppose -4*j - 4*h + 20 = -l, -4*j + 5*h + 59 = 0. Calculate the highest common factor of 121 and j.
11
Suppose -3*d = -0*d + 3*t - 1359, t = d - 457. Suppose 9*f - 455 = 4*f + 2*r, -5*f - 5*r = -d. What is the highest common divisor of 7 and f?
7
Let c = -604 + 616. What is the greatest common divisor of c and 5?
1
Suppose -15 = -5*c, -5*m - 5*c = -0*c - 995. Calculate the highest common factor of m and 140.
28
Suppose -3*p = 279 - 72. Let m = 204 + p. Calculate the greatest common divisor of m and 27.
27
Suppose -2*p + 25 = -5*a, -2*a - 2*a - 37 = -5*p. What is the greatest common factor of p and 40?
5
Let c be 1 - -1 - (2 - 0). Suppose c = a - 3*h - 14, -a = 3*a + 5*h - 90. Suppose -1492 - 8785 = -143*u + 1163. What is the greatest common factor of u and a?
20
Let i be 9/((-333)/180 - -2). 